 5*k. What is o(w)?
-6
Suppose 0 = 12*l - 9*l - 12. Let b(d) = 2*d + 1 + 4 + 3*d - l*d. Determine b(-5).
0
Let y(l) = 1. Let c(n) = 6*n**3 + 9*n**2 + 6*n - 6. Let x(v) = c(v) + 3*y(v). Let u(i) = -7*i**3 - 10*i**2 - 7*i + 3. Let g(m) = 5*u(m) + 6*x(m). What is g(-3)?
3
Let u(h) be the second derivative of h**4/12 - 2*h**3/3 - 3*h. Suppose -3*o = -5*d + 22, 5*d - o - 8 = 3*d. Calculate u(d).
-4
Suppose 0 = -3*c + 3, -2*a - 3*a + 17 = -3*c. Let u(z) = 3*z**2 - 3*z**3 + 3 - 3*z - 7 + a*z**3. Let i = -11 + 7. Determine u(i).
-8
Let v(y) = y**3 + 2*y**2 - 7*y - 4. Let b(z) = -2*z**3 - 5*z**2 + 14*z + 8. Let x(g) = 3*b(g) + 5*v(g). What is x(-6)?
-2
Let z(q) = q**3 - q**2 - q + 1. Let g = -25 + 33. Suppose g*u = 4*u + 8. Calculate z(u).
3
Let i be (-4)/(-6) + 16/3. Let v(q) = -3 + 5*q - 5 + 2 + 9 - q**2. Determine v(i).
-3
Let h(z) = -2*z**2 - 3*z + 2. Suppose 0*r = -5*r - 3*g - 60, -r - 12 = -3*g. Let t = -18 - r. Let q be -3 - 0*(-3)/t. Give h(q).
-7
Let r(b) = -b + 5. Let l be 81/(-15) - (-6)/(-10). Let c = l + 6. Calculate r(c).
5
Let p(x) = x**3 - 2*x**2 - 3*x - 5. Let r be (-2 - -1)/((-11)/44). Calculate p(r).
15
Let n(o) be the second derivative of 3*o**5/10 + o**4/12 - o**3/6 + 15*o. Determine n(1).
6
Let w be (-16)/2*(-10)/20. Let n(c) = c**3 - 4*c**2 + 2*c - 2. Determine n(w).
6
Let b(a) = -2*a. Let w be b(-3). Let f be w/12 + (-9)/(-2). Let j(g) = -3*g + 2 + 3 - f*g**2 - 1 - g**3. Determine j(-3).
-5
Let p(d) be the third derivative of d**4/24 + 5*d**3/3 + 11*d**2. Give p(-5).
5
Let h(o) = -o**3 - 2*o**2 + 3*o - 1. Suppose 12*c = 7*c - 15. Give h(c).
-1
Let h(o) = o**2 - 2. Let i = -6 - -6. Calculate h(i).
-2
Let i be (0/16)/(-1*1). Let v(m) = m + 15. Give v(i).
15
Let h(c) = -3*c**3 + 2*c**2 + 2*c - 2. Let l = -72 + 74. Determine h(l).
-14
Let s be (0 - 0)/(0 + 1). Let r(v) = 2 - 4*v**2 - 6 - 3*v + v**3 + s + 2*v. Give r(4).
-8
Let l(a) be the first derivative of -a**5/120 - a**4/12 - 2*a**3 - 1. Let q(v) be the third derivative of l(v). Determine q(2).
-4
Let q(k) = -k**2 + 11*k - 2. Let y be ((-44)/8)/((-15)/(-6) - 3). Give q(y).
-2
Let o(y) = -y**2 - 2*y - 1. Let d be ((-3)/6)/((-2)/(-4)). Let z be o(d). Let t(k) = -k + 5 + 1 + k - k. Calculate t(z).
6
Suppose 4*k = -20, -n + 4*k = -5*n - 12. Let t(l) = 5*l + 2 + 2*l**n - 6*l**2 + 3*l**2. Determine t(5).
2
Suppose 3*n - 6*n + 6 = 0. Let v(i) = 0*i - i + 4 + n*i. Suppose 5*r = 4*x + 4 - 1, -2*x = -2*r. Calculate v(x).
7
Let m(x) = -8*x**3 + 29*x**2 - 8*x + 35. Let j(v) = -3*v**3 + 10*v**2 - 3*v + 12. Let a(q) = 11*j(q) - 4*m(q). Determine a(-6).
-2
Let b(i) = -i. Let g(f) = -3*f + 5. Let h(w) = b(w) - g(w). Suppose -n = -3*n + 3*z, n - 3*z + 6 = 0. Give h(n).
7
Let i be 1 - (-4 - (-6 + 3)). Let q(o) = 6*o**2 - o + 16. Let g(m) = -m**2 - 3. Let l(n) = -11*g(n) - 2*q(n). Determine l(i).
1
Let p = -20 - -14. Let c(r) = r**3 + 5*r**2 - 5*r. What is c(p)?
-6
Let d(a) = -a**3 + 3*a**2 + 2*a + 3. Suppose 0 = 8*j - 4*j - 32. Suppose -2*w = 3*y - j*y + 14, 3*y = 2*w + 6. Give d(w).
9
Let y(q) = -4*q. Let l be y(-1). Let z(j) = -j. Let c(w) = w**2 - 2*w + 2. Let a(b) = -c(b) - 2*z(b). Determine a(l).
-2
Let a(v) = 2*v**2 - 2*v + 1. Suppose -5*p - 2 = -3*q - 4*p, 2*p = 5*q - 3. What is a(q)?
1
Let y(b) = -b**3 - 4*b**2 + 2*b. Let f(u) = 2*u**3 + 9*u**2 - 3*u + 1. Suppose 5*t - 10 = 3*x, -5*x - 4*t + 40 = -t. Let d(z) = x*y(z) + 3*f(z). What is d(-7)?
-4
Suppose -3*g + 6 = -0*g. Suppose p - 5*p + 8 = -g*h, p - h - 1 = 0. Suppose -m = 2*m - p. Let i(r) = -2*r**2 - 1. Determine i(m).
-3
Suppose -5*g = 17 + 8, -3*f + 35 = -4*g. Suppose -24 - 1 = -f*y. Suppose -c + 4*o - y*o = 8, 0 = 3*c + 5*o + 30. Let w(b) = b + 2. Give w(c).
-3
Let b(g) be the second derivative of g**4/12 + g**3/6 - 3*g**2 - 9*g. Give b(0).
-6
Let c(r) be the first derivative of r**4/3 + 4*r - 2. Let g(t) be the first derivative of c(t). Determine g(1).
4
Let q(v) = -v**2 - v - 3. Let c = -15 + 7. Suppose -4*b + 27 = m, 0*m - 36 = -2*b + 4*m. Let t = b + c. Give q(t).
-3
Let b(n) = -8*n + 14*n + n - 6*n - 1. Calculate b(5).
4
Let y be -1 + 11 + (-6 - -5). Let t(i) = -i + 3. What is t(y)?
-6
Let z(b) = 3*b**2 - 8*b - b**3 + 5*b**3 + 2*b**2 - 3*b**3 - 9. Determine z(-6).
3
Let f(k) = -11*k**3 - k**2 + k - 1. Suppose 8*t - 5*t - 12 = 0. Suppose 2*l - 1 = -9, 4*g + 12 = -t*l. What is f(g)?
-12
Let a(j) be the second derivative of -2*j**3/3 + 3*j**2/2 - 7*j. Calculate a(2).
-5
Let u be 4/1 + -1 - -1. Suppose 4*m = x + 4, -2*x + 1 = -u*m + 5. Let y(o) be the first derivative of 7*o**4/4 - o**3/3 + o**2/2 - o - 5. Calculate y(m).
6
Let m be (1/(-2) + 1)*0. Suppose m = -4*p + p. Let c be 1 + -5*(1 + p). Let f(w) = w + 6. Determine f(c).
2
Let d = 4 - 6. Let f(v) = -v + 1. Let w(j) = 5*j - 2. Let q(n) = d*f(n) - w(n). Suppose 15*s - 23*s = 16. Give q(s).
6
Let a(k) = -k - 1. Let z be a(-3). Suppose z = l + 4. Let x(t) = -2*t - 4*t - 2 - 1. What is x(l)?
9
Let t(d) = -d + 12. Let a(z) = -z + 8. Let i(q) = 8*a(q) - 5*t(q). Let m = 23 - -7. Let n be 3/12 + m/8. Determine i(n).
-8
Let p(q) = q**2 + 2*q + 1. Let v(i) = -10*i + 10*i - 11*i**2 - i**3 + 4. Let j be v(-11). Suppose 0 = -4*m - 0 + j, -3*g = -5*m + 14. What is p(g)?
4
Let c(v) be the third derivative of v**7/5040 - v**6/144 - v**5/30 - 3*v**2. Let t(a) be the third derivative of c(a). Determine t(4).
-1
Let x = -27 + 8. Let p = -13 - x. Let y(a) = a - 5. Give y(p).
1
Let o(w) = w. Let s(k) = -4*k + 1. Let f(h) = -7*o(h) - 2*s(h). Suppose 4*p - 33 = 19. Suppose -2*z + p = -n, n + 2 = -3. What is f(z)?
2
Let k(l) = l**3 + 25286 - 25286 - 5*l**2. Let h be (0 - 1) + 2*3. Calculate k(h).
0
Let q(d) = -d**3 - d**2 + d - 1. Let n(r) = -r**3 + 13*r**2 - 11*r - 11. Let z be n(12). Give q(z).
-2
Suppose 0 = 2*c - 5 + 1. Suppose 5*h = c*h + 6. Let w(g) = 4*g - 13*g**2 - 1 + 12*g**h - 2*g. Calculate w(3).
-4
Let x(n) = 7 - n + 0*n + 3*n. Let w(m) = -5*m - 15. Let t(c) = 3*w(c) + 7*x(c). Determine t(5).
-1
Let a(y) be the third derivative of -y**6/720 + y**5/120 + y**4/24 - 4*y**2. Let z(t) be the second derivative of a(t). Let w = -1 - -4. Determine z(w).
-2
Let x(b) be the third derivative of -b**5/60 + b**4/12 + b**3/6 + 13*b**2. Calculate x(-1).
-2
Suppose 5*x + 8 = 9*x, -4*q - 3*x - 6 = 0. Let h(y) = y**3 + y**2. Let t(s) = s**2 - 4*s - 4. Let g be 27/(-33) + 2/(-11). Let m(n) = g*t(n) - h(n). Give m(q).
1
Let m(x) = 2 + 2 + x**2 - 4 - x + 1. Give m(2).
3
Let l(w) = w**3 + 7*w**2 + 6*w + 3. Let u(m) = -m**3 + 6*m**2 - 3*m - 6. Let j be u(5). Suppose 0 = -y - y + 4*r, j*r = 4*y + 12. What is l(y)?
3
Suppose -v = -6*v - 5*t + 65, 6 = -3*t. Let j(n) = -9*n + v*n - 7*n - 4. What is j(3)?
-7
Let p(n) = -2 - 8*n - 1 + 3*n - n**2. Suppose -2*s + 2*k + 2 = -2, s - 2*k = 7. Calculate p(s).
3
Let v = 15 + -9. Suppose 0 = -2*k - 6 - v. Let u(a) = -a - 8. Calculate u(k).
-2
Let w(a) = a**3 - 7*a**2 - 3. Let k be w(7). Let j = k + 3. Suppose j = -q - q - 10. Let u(m) = m**2 + 3*m - 3. Calculate u(q).
7
Let d(l) = l**2 - l - 1. Let n(p) = 1 - 4*p + 5*p + 0*p. Let i(t) = -d(t) - 6*n(t). Give i(-4).
-1
Let f(r) = 4*r + 1. Let v = 3 - 6. Give f(v).
-11
Let l(t) be the second derivative of t**7/2520 - t**6/720 - t**4/12 + t. Let o(p) be the third derivative of l(p). Suppose 0 = -0*z - 2*z. Calculate o(z).
0
Let z = -5 + 3. Let b(t) = -t**2 + t + 1. Let i(g) = 4*g**2 - 7*g - 5. Let o(q) = 6*b(q) + i(q). What is o(z)?
-5
Let r be 11/(-13) + 18/(-117). Let a(l) = 6*l**2 + l + 1. Give a(r).
6
Suppose j = 5*n + 7, 3*n - 5 = -3*j + 2*n. Let q(g) = 5*g**2 + g**3 - 3*g**j - g**2 + 1 - 2*g. Determine q(1).
1
Suppose 5*d = -4*x - 5, -3*d - x - 10 = -0*d. Let t(k) be the first derivative of -k**4/4 - 2*k**3 - 3*k**2 - 7*k + 1. What is t(d)?
-2
Let w(c) = c - 1. Suppose 2*a - 14 = -3*g, 5 = 3*g + 5*a - 21. Calculate w(g).
1
Let l(n) = -n**2 - 4 - 4*n + n + 5*n**2 + n**3. Let p(b) = 20*b**2 + b + 1. Let q be p(-1). Suppose -q = -r + 6*r. What is l(r)?
8
Let w = 2 + -1. Let c be (-6)/(-9)*(-6)/2. Let f be (-1 - w)*c/4. Let m(o) = 3*o - 1. Calculate m(f).
2
Suppose -3 = 2*c - 11. Suppose 0 = -0*m + c*m. Let h(d) be the third derivative of -d**5/60 - d**4/24 + 4*d**3/3 + 26*d**2. What is h(m)?
8
Let z(x) be the third derivative of 5*x**4/24 + x**3/6 - 4*x**2. Let p(t) = t - 3. Let l be p(5). Calculate z(l).
11
Let s(k) =